t - i - 1034. What is the highest common factor of t and 11700?
260
Let w = -3370 - -3382. Let a be 2/(-6) - 962/(-6). Let o = 244 - a. Calculate the greatest common factor of o and w.
12
Suppose -112 = -6*u - 4. Suppose -8*r + 11*r - u = 0. Let t be 15 + 24/(-4)*1/2. What is the highest common divisor of r and t?
6
Let p be 1/(-2) - (-34020)/40. Suppose p = 4*i - 866. What is the greatest common divisor of i and 39?
39
Suppose 0 = 28*w - 2*w - 208. Let f(t) = t**2 - 8*t + 14. Let a be f(w). Calculate the highest common divisor of 588 and a.
14
Let f = -51 + 53. Suppose -87 = 3*p - 2*w - 17, 0 = -f*p - 2*w - 30. Let x = p + 38. Calculate the greatest common divisor of x and 9.
9
Let n = -149 - -217. Let j = -332 + 1208. Let s be j/n + (-2)/(-17). What is the highest common divisor of s and 52?
13
Suppose -16*k + 309 + 27 = 0. Let f = -176 - -179. What is the highest common divisor of k and f?
3
Let v = 21 + -447. Let w = v + 477. Suppose 68 = a + 3*a. What is the greatest common divisor of w and a?
17
Let r(d) = 28*d - 5. Let f be r(8). Let b = f - 216. What is the greatest common factor of b and 7?
1
Let i(n) = n**3 + 4*n**2 - 8*n - 10. Suppose 0 = -21*r - 122 + 17. Let v be i(r). Suppose m - 36 - 29 = 0. What is the highest common factor of v and m?
5
Let n(x) = -3*x - 7. Let m be n(6). Let s = m + 29. Let o be s - 4 - -5 - 1*-3. What is the greatest common divisor of o and 16?
8
Suppose -39737*q + 111 = -39736*q + 4*v, -q - 5*v = -123. Let s be (9/2)/((-1)/(-6)). Calculate the greatest common divisor of q and s.
9
Let w be (364/(-12))/(1/(-18)). Suppose -4*s + w = -3*d, 250 = 4*s + d - 288. Suppose 21*n - 189 = 126. What is the greatest common divisor of n and s?
15
Let d = 8237 + -7803. What is the highest common divisor of d and 6?
2
Suppose 107 - 17 = 5*h + 5*n, 78 = 5*h + n. What is the greatest common factor of h and 5835?
15
Let w be 0/(-8)*2*3/24. Suppose -3*z = 15*r - 11*r - 588, w = z. Calculate the greatest common factor of r and 3.
3
Let i = -115 - -276. Suppose 6*x - i = 301. What is the highest common divisor of 7 and x?
7
Let s = 623 - 423. Calculate the greatest common factor of s and 360.
40
Let y(c) = 11*c**2 + 16*c + 42. Let k be y(-4). What is the greatest common factor of k and 638?
22
Suppose -4*s + 92 + 108 = 0. Let l = 70 - s. Let q be (16/l)/((-2)/(-45)). Calculate the highest common divisor of 27 and q.
9
Let a = 9515 - 5603. What is the greatest common divisor of a and 6?
6
Let q(o) = 14*o + 6. Let d be q(6). Let u(v) = 3*v + 61. Suppose 39*p + 578 = 5*p. Let n be u(p). What is the greatest common divisor of n and d?
10
Let d be -35*(-2 + 2 + -25)*96/280. Calculate the highest common divisor of d and 120.
60
Let d be ((-29)/(1015/532))/((-2)/775). Calculate the highest common divisor of 186 and d.
62
Suppose -9372 = -0*r - 4*r. Suppose -14*h = -11*h - r. Calculate the highest common factor of 11 and h.
11
Let c be (10/(-4) - -2)*-146. Let d = 79 - c. Let r(l) = 3*l**3 - 15*l**2 - 2*l + 14. Let i be r(d). Calculate the greatest common divisor of 10 and i.
10
Suppose 2*r = q - 63, -4*q + 265 = -3*r - 7. Calculate the greatest common divisor of q and 71.
71
Let n(p) be the second derivative of p**5/20 + 25*p**4/12 - 35*p**3/6 - 31*p**2 - 2*p + 7. Let h be n(-26). Calculate the highest common factor of 4 and h.
4
Suppose 5*q + 387 = w - 1561, 0 = -2*q - 10. Calculate the highest common divisor of 1 and w.
1
Let x(j) = 11*j**2 + 5*j**2 - 25*j - 10*j + j**3 + 13 + 19. Let g be x(-18). Calculate the highest common factor of g and 63.
7
Let s(m) = -m**3 + 8*m**2 - m - 5. Let h be s(5). Let u = h + -73. Let k be (-3 - 60/u)*12. Calculate the highest common divisor of 6 and k.
6
Let y = -10857 + 10879. Calculate the greatest common factor of 18 and y.
2
Let l be (-3)/36 + (-19093)/(-732). Suppose 5*w = -0*w + 455. What is the highest common factor of l and w?
13
Let l = 86 + -72. Suppose 13*n = l*n - 7. Suppose -n*s = -3*s - 336. What is the highest common divisor of s and 12?
12
Let u be (-1130)/(-4) + (-20)/(-50)*20/(-16). What is the greatest common divisor of u and 174?
6
Suppose 0 = 5*f - 5, 0*j + 5*f = -2*j + 21. Let v be 3/(-72)*-6 + 158/j. What is the highest common divisor of 12 and v?
4
Let j(h) = -4*h + 2*h + 157 - 100. Let d be j(24). Calculate the highest common divisor of d and 1.
1
Let j(b) = 46*b - 1259. Let v be j(28). Let y = -75 + 253. Suppose r = y + 54. What is the greatest common factor of v and r?
29
Suppose 68*c - 64*c = -2*x + 2, 3*c = -3*x + 15. Suppose -f - 1190 = -4*a, x*a - 4*a = 4*f + 1493. What is the greatest common divisor of 11 and a?
11
Suppose 3975 = -15*m + 12345. What is the greatest common divisor of m and 90?
18
Let q(v) = -5*v - 2. Let p be q(-2). Suppose -2683 = -288*l + 4124 - 1623. What is the greatest common factor of l and p?
2
Suppose 0*t = t + 5*t. Let a be 6/(((-54)/16)/(-9)). Suppose t = -j - 0*j + a. What is the highest common divisor of j and 80?
16
Suppose h + 3*j - 41 = 0, -5*h - 5*j = -h - 143. Let b = 7658 - 7242. Calculate the highest common divisor of h and b.
32
Suppose -4*n + 5*w = -416, -3*n - w + 810 = 517. What is the greatest common factor of 279 and n?
9
Let b = -411 + 431. Let t = -15 - -16. Suppose z - 6 = -h, -2*h + t = 3*z - 9. Calculate the highest common factor of b and h.
4
Let j = -2962 - -2977. Calculate the greatest common divisor of j and 2085.
15
Let f(n) = -n**3 - 6*n**2 + 33*n - 24. Let g be f(-11). Let l = -186 + g. What is the greatest common factor of l and 112?
16
Let w(v) = -6*v - 44. Let n be w(-10). Let t = 2386 + -1396. Let b be (-4)/(-14) - t/(-63). Calculate the highest common factor of n and b.
16
Suppose -5*d + 20 = 0, -v = -6*v + 5*d + 355. Suppose j - 283*k - 21 = -286*k, -4*k - 37 = -3*j. Calculate the greatest common divisor of j and v.
15
Let c be (-1)/(6/(-54)) + -6. Suppose -q - 3 = 0, 101 = 4*z - c*q + 28. Calculate the greatest common divisor of z and 28.
4
Let a = 22521 - 22486. What is the greatest common divisor of a and 13895?
35
Let g = 19793 + -19704. Calculate the highest common divisor of g and 15397.
89
Suppose 3810 = 37*j - 1000. Calculate the greatest common divisor of j and 5265.
65
Suppose 14*t - 329300 = -11*t. What is the greatest common divisor of 148 and t?
148
Suppose 12*o - 59*o = -582 - 1298. What is the highest common divisor of o and 936?
8
Let g = -18699 + 21381. Calculate the highest common factor of 5662 and g.
298
Let d = -59 + 68. Let w(v) = -v**2 + 4*v + 143. Let a be w(-10). What is the highest common divisor of d and a?
3
Suppose -28 = -3*h - 4*w, -4*w + 4 = -0*w. Suppose -185*f + 7805 = 2625. Calculate the highest common factor of f and h.
4
Let l(m) = -217*m + 39. Let n be l(3). Let w = 630 + n. Calculate the greatest common factor of w and 738.
18
Let q = 125 - 130. Let o be (-915)/(-10)*(-10)/q - 3. Calculate the greatest common factor of o and 36.
36
Let i = -139 - -305. Suppose 4*v = -38 + i. Let z be -11 + (-867)/(-68) + 2532/16. Calculate the greatest common factor of z and v.
32
Let h be -3621*(444/36 - 13). Calculate the highest common factor of 34 and h.
34
Suppose 152*h = 22*h + 4290. What is the greatest common factor of h and 8448?
33
Let b be 4/(-2 + 9/6) + 1. Let c = b + 61. Suppose -c = -k - 2*k. What is the highest common divisor of k and 9?
9
Suppose 1614 = 3*a - 2*v, -69*a - 3*v = -64*a - 2709. Calculate the greatest common factor of a and 234.
18
Suppose 0 = 325*s + 240*s - 4768257 - 13257503. What is the greatest common divisor of 32 and s?
32
Suppose 5 = 5*w, 4*w + 29 + 47 = 4*n. Let s = -368 + 372. Suppose -90 = s*q - 5*q. Calculate the highest common divisor of q and n.
10
Let x(s) = s**3 + 5*s**2 - 2*s - 2. Let i be x(-5). Suppose 134*k = 127*k + 280. Calculate the highest common divisor of i and k.
8
Let v = -23797 + 51020. Calculate the highest common divisor of v and 7.
7
Suppose 73519*q - 23985 = 73506*q. What is the greatest common divisor of 492 and q?
123
Let d be (886/(-4) - 15)/(1/2 - 1). What is the highest common factor of 129 and d?
43
Let w be (38/(-8))/(2/(-8)). Let k be (3/(-7))/(1899/(-1477))*(2 + 55). What is the greatest common divisor of w and k?
19
Suppose 0 = 4*n - 3*b + 2516, 8*b = -5*n + 3*b - 3145. Let a = -625 - n. Let s be (3/(-2))/(3/(-8)).